 2*f. What is the highest common factor of s and 12?
4
Let k = 5 - 2. Suppose 5*v - k = 27. What is the greatest common factor of v and 42?
6
Let t be 120/(-5)*(-27)/12. Let u be 171/t - 1/6. Calculate the greatest common factor of u and 6.
3
Let n = 9 + 4. Suppose -158 = 4*z - c + 209, 3*z = 2*c - 279. Let o = 169 + z. Calculate the greatest common divisor of n and o.
13
Suppose -4*g - 35 = -191. Let b = g - 6. Calculate the greatest common factor of 3 and b.
3
Let i = 131 + -95. Calculate the greatest common divisor of i and 396.
36
Let p = -6 + 17. Let g(l) = l**3 - 14*l**2 + 4*l - 9. Let f be g(14). Suppose 2*u - f = -a, -2*u + 0*a + 53 = 3*a. What is the highest common factor of p and u?
11
Let t(p) = 4*p**2 - p. Let w be t(-1). Suppose -3*c = -4*o + 4 + 7, o = w. Let m be (-9)/(-2)*(c + -1). What is the greatest common factor of m and 45?
9
Let c = -1 - -3. Suppose -3*z + 3*m + 73 = c*z, -44 = -3*z + 2*m. What is the highest common factor of z and 2?
2
Let o = 27 + -14. Let c = 12 - -14. What is the highest common factor of c and o?
13
Let b(k) = -k**2 + 9*k - 5. Let c be b(9). Let n = 20 - c. What is the highest common factor of n and 5?
5
Let u be 1*15/9*3. Let v = -2 + u. Calculate the greatest common divisor of 21 and v.
3
Let i be (-2)/3*(3 - 90). Let k = 90 - i. Suppose 4*h - 17 - k = -5*s, 2*h - 27 = -3*s. Calculate the greatest common divisor of 9 and h.
3
Let x = -1 + 6. Suppose -146 = -3*c - 0*n - x*n, 0 = 4*c - n - 164. Let f(k) = k**2 - 3*k - 3. Let h be f(5). Calculate the highest common factor of c and h.
7
Suppose -315 = -3*x - 18. Calculate the highest common factor of x and 33.
33
Suppose -r = -5*r. Suppose 18 = 2*x - 5*a, 0*x = -x - 3*a - 2. Suppose -5*f + x*v + 23 + 29 = r, 39 = 3*f - 5*v. What is the highest common factor of f and 24?
8
Suppose 0 = -3*r + 8 - 2. Suppose r*i - 5*a = -2, 14 = 5*i - a - 2*a. What is the highest common divisor of 2 and i?
2
Suppose 12 = 4*k + 2*k. Suppose 5*l + k*r - 19 = 10, -l + 19 = -4*r. Calculate the greatest common divisor of l and 49.
7
Suppose -3*s = -343 - 41. Let t be (-11 - -3)/((-2)/4). Calculate the highest common factor of s and t.
16
Suppose -2 = -l - 0*l. Let y be l + 5 - 2/2. Let n be ((-12)/16)/((-2)/64). What is the highest common factor of y and n?
6
Suppose 20*t - 6 = 17*t. Suppose -5*u - 5*f + t*f + 474 = 0, 0 = 2*u + 3*f - 195. What is the greatest common divisor of 31 and u?
31
Let w(g) = -3*g**2 - 2*g**2 + 1 - 3*g + 6*g**2. Let j be w(2). Let t be (43 + j)/(12/8). Calculate the greatest common divisor of 4 and t.
4
Let a be ((-27)/18)/(1 + (-86)/80). What is the greatest common factor of 5 and a?
5
Let s be 10*((-2)/(-5) + 0). Let k be s/(-8) - 265/(-2). Let l = 195 - k. What is the greatest common divisor of 7 and l?
7
Let s(b) = -4*b**2 - 17*b. Let w be s(-4). What is the highest common divisor of w and 20?
4
Let d(y) = -13*y**2 + 6*y. Let i(j) = 9*j**2 - 4*j. Let g(f) = 5*d(f) + 8*i(f). Let q be g(4). Let m = -5 + 18. Calculate the highest common factor of q and m.
13
Suppose -2 = 3*q - 8. Let d(f) = -34*f. Let k be d(-5). Suppose -5*n = -a - k, 0 = -5*n + a - q*a + 170. What is the highest common divisor of 51 and n?
17
Suppose 3 = r - 15. Calculate the highest common factor of r and 6.
6
Let f = -23 + 50. Calculate the highest common divisor of f and 3.
3
Suppose -4*r - 4*y = -3*r + 16, 0 = -2*r - 2*y - 2. Calculate the greatest common divisor of r and 28.
4
Let q(h) = 36*h - 1. Let m be (3 - 2)*1*1. Let x be q(m). What is the highest common factor of x and 5?
5
Let b(c) = -c + 11. Let v be b(0). Let z be (-4 - -2) + (-122 - -1). Let p be 0 + (-2 - 0) - z. Calculate the greatest common divisor of v and p.
11
Let k be ((-24)/15)/((-10)/25). Let j(i) = -27*i - 5. Let n be j(-6). Suppose 103 = k*l - n. What is the highest common factor of l and 13?
13
Suppose 8*u - 25 = -5*c + 3*u, c + 3*u + 1 = 0. Let s be (c + 1 + -3)*76. Suppose 4*t - s = -0*t. What is the greatest common factor of t and 19?
19
Suppose -3*s = -42 - 0. Calculate the greatest common factor of s and 98.
14
Let u = -2 - -2. Suppose 0 = 2*q - u - 48. Calculate the greatest common factor of q and 96.
24
Let p(l) = -419*l - 6. Let f be p(-4). Let v be 4/14 - f/(-35). Suppose -1 - 63 = -2*w. Calculate the highest common divisor of v and w.
16
Suppose 3*n = 97 - 982. Let l = 449 + n. Calculate the greatest common factor of l and 22.
22
Let x be (-6)/(-21) - 111/21. Let g be (x/15)/(1/(-33)). Let w(r) = r**2 + 8*r + 11. Let f be w(-8). What is the highest common factor of g and f?
11
Let l be 1 - (-34 + (0 - 1)). Let a be l/(-3)*(-1)/3. Suppose 2*f + 2*j = 6*j + 22, a*f = -2*j - 6. What is the greatest common factor of 1 and f?
1
Let r = -8 + 20. Let i = 7 + -1. Suppose u = 3*t - 9, -7*u = -2*t - 3*u + i. What is the greatest common divisor of r and t?
3
Let m = -7 + 4. Let x be (m - -4)/(0 + 1). Let p = 2 + x. What is the highest common divisor of 30 and p?
3
Suppose 0 = -16*r + 20*r - 936. What is the highest common factor of r and 26?
26
Let v(i) be the first derivative of i**4/4 + i**3/3 - i**2/2 + 4*i - 2. Let z be v(0). Suppose 2*j = z*j - 90. Calculate the highest common divisor of 15 and j.
15
Suppose 4*z - 112 = 4*g, 2*g - 38 = 3*z - 97. Let v = g + 43. What is the highest common factor of v and 45?
9
Let y = -9 - -11. Suppose -10 = -y*k + 18. Calculate the highest common divisor of k and 70.
14
Let h be -1*2 - 5/(-1). Suppose 7*l - 40 = h*l. Let s be ((-15)/4)/((-6)/16). Calculate the highest common factor of s and l.
10
Let u(b) = -b. Let n be u(-2). Suppose 0 - n = -l. What is the highest common divisor of l and 6?
2
Let f(a) = 5*a + 7. Let s be f(9). Suppose -196 = -4*o + s. What is the greatest common divisor of 31 and o?
31
Let y(o) = -3*o**3 - o**2 - o - 1. Let k be y(-1). Let n(v) = 13 - 13 + 2*v**2 - 2*v. Let t be n(k). What is the highest common factor of t and 10?
2
Let t be (-112)/(-20) + 2/5. Suppose -t*k + 30 = -k. Calculate the greatest common divisor of 24 and k.
6
Let v be ((-35)/(-2))/((-1)/(-2)). Calculate the highest common factor of 7 and v.
7
Suppose 2*a - 5 = 2*v + 1, a - 3 = -2*v. What is the greatest common factor of a and 2?
1
Suppose 3*x + 0 = 21. Let l = x - 4. Suppose -7 = -2*d + r, -9 - 9 = -5*d + 3*r. Calculate the greatest common divisor of l and d.
3
Let w(t) = t**2 + 11*t + 12. Suppose l + 4 = -0, 2*q + 5*l = -42. Let s be w(q). Calculate the highest common factor of s and 48.
12
Let r(u) = -u**3 - u**2 + u + 2. Let h be r(-2). Suppose 5*o - 4*y - 176 = 0, -o = -3*o + 2*y + 70. Calculate the highest common factor of h and o.
4
Suppose -2*n = 4*k - 64, -4*n - 6 = -14. Calculate the highest common factor of k and 15.
15
Suppose 0 = -4*f + 2*q + 4, 5*f + 0*f - 5*q = 0. Suppose f*d + d = 27. Calculate the highest common factor of 81 and d.
9
Let t be 8 + 2 + 0 + 0. Let o be t/10 + 12/2. Suppose -4*k + 2*k + 28 = 0. Calculate the greatest common divisor of o and k.
7
Let z be 34/(4/(-1) + 5). Let d = 9 + 8. Calculate the greatest common factor of z and d.
17
Let u(y) = y**3 - 13*y**2 + 12*y + 11. Let b be u(12). What is the greatest common divisor of 33 and b?
11
Suppose -5*h + 83 = 2*s, -89 = -5*h + 5*s - s. What is the highest common factor of 102 and h?
17
Suppose 5*m - 2098 = -4*z, 2*m + 2*z - 840 = -0*z. What is the greatest common divisor of m and 38?
38
Let z be (9/2)/(4/8). Suppose 3*a - 5*k - 123 = -40, -4*a - 2*k + 154 = 0. What is the greatest common divisor of z and a?
9
Let h = -330 - -231. Let b = h - -147. What is the highest common divisor of 6 and b?
6
Suppose -5*t - 30 = -v - v, 5*v - 3*t = 56. Let k = 61 - 41. Calculate the highest common factor of k and v.
10
Suppose 3*h + 4 - 7 = 0. Suppose -h = 2*j - 31. Calculate the greatest common divisor of j and 75.
15
Let a be 2/(-4)*2*-3. Let z = a + 0. Suppose 0 = -4*m - 3*o - 2, -12 = -2*m + 5*o - 0*o. Calculate the greatest common divisor of z and m.
1
Suppose -4*c + 160 + 296 = 0. Calculate the greatest common divisor of c and 19.
19
Suppose 4*v - 9 - 39 = 0. What is the greatest common divisor of 96 and v?
12
Let h be (2 + 28)/(1 - -1). What is the highest common divisor of h and 15?
15
Let y = -8 - -9. Let w be ((-3)/3 - y)*-5. What is the greatest common divisor of w and 15?
5
Let o(m) = m +